{"id":2845,"date":"2025-02-23T23:38:47","date_gmt":"2025-02-23T15:38:47","guid":{"rendered":"https:\/\/honryapparel.com\/?post_type=products&#038;p=2845"},"modified":"2025-08-20T14:50:47","modified_gmt":"2025-08-20T06:50:47","slug":"mens-recycled-insulation-puffa","status":"publish","type":"products","link":"https:\/\/www.honryapparel.com\/fr\/products\/mens-recycled-insulation-puffa\/","title":{"rendered":"VESTE BOUFFANTE RECYCL\u00c9E \u00c0 OURLET ET POIGNETS R\u00c9GLABLES POUR HOMMES, AVEC POCHE"},"content":{"rendered":"<p><span style=\"font-size: 12pt;\">L\u00e9g\u00e8ret\u00e9 et facilit\u00e9 d'empaquetage pour les d\u00e9placements. Cette veste est isol\u00e9e avec du polyester recycl\u00e9 100% et se range facilement dans sa propre poche.<\/span><\/p>\n<p>Tissu ext\u00e9rieur : polyester 100%<\/p>\n<p>Doublure : 100% polyester<\/p>\n<p>Rembourrage : 100 % polyester recycl\u00e9<\/p>\n<p>MOQ:500 PCS\/Couleur<\/p>\n<p>Couleur et taille OEM &amp; ODM<\/p>\n<p><strong><b><span>Caract\u00e9ristiques :<\/span><\/b><\/strong><\/p>\n<p>Isolation en polyester recycl\u00e9 100%<\/p>\n<p>poches \u00e0 fermeture \u00e9clair<\/p>\n<p>poignets \u00e9lastiques<\/p>\n<p>ourlet ajustable avec cordon de serrage<\/p>\n<p>se range dans une poche<\/p>\n<p><img loading=\"lazy\" decoding=\"async\" src=\"https:\/\/honryapparel.com\/wp-content\/uploads\/2025\/02\/\u672a\u547d\u540d1-300x300.jpg\" alt=\"\" width=\"841\" height=\"841\" class=\"alignnone wp-image-5777\" srcset=\"https:\/\/www.honryapparel.com\/wp-content\/uploads\/2025\/02\/\u672a\u547d\u540d1-300x300.jpg 300w, https:\/\/www.honryapparel.com\/wp-content\/uploads\/2025\/02\/\u672a\u547d\u540d1-1024x1024.jpg 1024w, https:\/\/www.honryapparel.com\/wp-content\/uploads\/2025\/02\/\u672a\u547d\u540d1-150x150.jpg 150w, https:\/\/www.honryapparel.com\/wp-content\/uploads\/2025\/02\/\u672a\u547d\u540d1-768x768.jpg 768w, https:\/\/www.honryapparel.com\/wp-content\/uploads\/2025\/02\/\u672a\u547d\u540d1-12x12.jpg 12w, https:\/\/www.honryapparel.com\/wp-content\/uploads\/2025\/02\/\u672a\u547d\u540d1.jpg 1200w\" sizes=\"auto, (max-width: 841px) 100vw, 841px\" \/><\/p>","protected":false},"excerpt":{"rendered":"<p><span style=\"font-size: 12pt;\">L\u00e9g\u00e8ret\u00e9 et facilit\u00e9 d'empaquetage pour les d\u00e9placements. Cette veste est isol\u00e9e avec du polyester recycl\u00e9 100% et se range facilement dans sa propre poche.<\/span><\/p>\n<p>MOQ:500 PCS\/Couleur<\/p>\n<p>Couleur et taille OEM &amp; ODM<\/p>","protected":false},"featured_media":2848,"template":"","adweb_product_categories":[184,182],"adweb_product_tags":[123],"class_list":["post-2845","products","type-products","status-publish","has-post-thumbnail","hentry","adweb_product_cat-puffer-jacket","adweb_product_cat-seam-taped-jacket","adweb_product_tag-apparel-manufacturer"],"gallery":[2846,2847,2848,2849],"order":"99","acf":[],"_links":{"self":[{"href":"https:\/\/www.honryapparel.com\/fr\/wp-json\/wp\/v2\/adweb_products\/2845","targetHints":{"allow":["GET"]}}],"collection":[{"href":"https:\/\/www.honryapparel.com\/fr\/wp-json\/wp\/v2\/adweb_products"}],"about":[{"href":"https:\/\/www.honryapparel.com\/fr\/wp-json\/wp\/v2\/types\/products"}],"wp:featuredmedia":[{"embeddable":true,"href":"https:\/\/www.honryapparel.com\/fr\/wp-json\/wp\/v2\/media\/2848"}],"wp:attachment":[{"href":"https:\/\/www.honryapparel.com\/fr\/wp-json\/wp\/v2\/media?parent=2845"}],"wp:term":[{"taxonomy":"adweb_product_cat","embeddable":true,"href":"https:\/\/www.honryapparel.com\/fr\/wp-json\/wp\/v2\/adweb_product_categories?post=2845"},{"taxonomy":"adweb_product_tag","embeddable":true,"href":"https:\/\/www.honryapparel.com\/fr\/wp-json\/wp\/v2\/adweb_product_tags?post=2845"}],"curies":[{"name":"wp","href":"https:\/\/api.w.org\/{rel}","templated":true}]}}

VESTE BOUFFANTE RECYCLÉE À OURLET ET POIGNETS RÉGLABLES POUR HOMMES, AVEC POCHE

<p><span style="font-size: 12pt;">Légèreté et facilité d'empaquetage pour les déplacements. Cette veste est isolée avec du polyester recyclé 100% et se range facilement dans sa propre poche.</span></p>
<p>Tissu extérieur : polyester 100%</p>
<p>Doublure : 100% polyester</p>
<p>Rembourrage : 100 % polyester recyclé</p>
<p>MOQ:500 PCS/Couleur</p>
<p>Couleur et taille OEM &amp; ODM</p>
<p><strong><b><span>Caractéristiques :</span></b></strong></p>
<p>Isolation en polyester recyclé 100%</p>
<p>poches à fermeture éclair</p>
<p>poignets élastiques</p>
<p>ourlet ajustable avec cordon de serrage</p>
<p>se range dans une poche</p>
<p><img loading="lazy" decoding="async" src="https://honryapparel.com/wp-content/uploads/2025/02/未命名1-300x300.jpg" alt="" width="841" height="841" class="alignnone wp-image-5777" srcset="https://www.honryapparel.com/wp-content/uploads/2025/02/未命名1-300x300.jpg 300w, https://www.honryapparel.com/wp-content/uploads/2025/02/未命名1-1024x1024.jpg 1024w, https://www.honryapparel.com/wp-content/uploads/2025/02/未命名1-150x150.jpg 150w, https://www.honryapparel.com/wp-content/uploads/2025/02/未命名1-768x768.jpg 768w, https://www.honryapparel.com/wp-content/uploads/2025/02/未命名1-12x12.jpg 12w, https://www.honryapparel.com/wp-content/uploads/2025/02/未命名1.jpg 1200w" sizes="auto, (max-width: 841px) 100vw, 841px" /></p>

<p><span style="font-size: 12pt;">Légèreté et facilité d'empaquetage pour les déplacements. Cette veste est isolée avec du polyester recyclé 100% et se range facilement dans sa propre poche.</span></p>
<p>MOQ:500 PCS/Couleur</p>
<p>Couleur et taille OEM &amp; ODM</p>
